{"id":491,"date":"2023-08-18T21:56:35","date_gmt":"2023-08-18T21:56:35","guid":{"rendered":"http:\/\/crupma.lacomunidadbc.com\/wp\/?page_id=491"},"modified":"2024-08-12T16:03:44","modified_gmt":"2024-08-12T16:03:44","slug":"declaracion-fe","status":"publish","type":"page","link":"https:\/\/www.cru.org\/panama\/declaracion-fe\/","title":{"rendered":"Declaraci\u00f3n de Fe"},"content":{"rendered":"\t\t<div data-elementor-type=\"wp-page\" data-elementor-id=\"491\" class=\"elementor elementor-491\" data-elementor-post-type=\"page\">\n\t\t\t\t<div data-particle_enable=\"false\" data-particle-mobile-disabled=\"false\" class=\"elementor-element elementor-element-2b689ce e-flex e-con-boxed e-con e-parent\" data-id=\"2b689ce\" data-element_type=\"container\">\n\t\t\t\t\t<div class=\"e-con-inner\">\n\t\t\t\t<div class=\"elementor-element elementor-element-e042167 elementor-widget elementor-widget-image\" data-id=\"e042167\" data-element_type=\"widget\" data-widget_type=\"image.default\">\n\t\t\t\t\t\t<div class=\"elementor-widget-container\">\n\t\t\t\t\t\t\t\t\t\t\t\t\t\t\t<img decoding=\"async\" src=\"https:\/\/www.cru.org\/panama\/wp-content\/uploads\/sites\/960\/2024\/08\/Declaracion-de-Fe-1.png?w=1500\" title=\"Declaracion de Fe\" alt=\"Declaracion de Fe\" loading=\"lazy\" \/>\t\t\t\t\t\t\t\t\t\t\t\t\t\t\t<\/div>\n\t\t\t\t<\/div>\n\t\t\t\t\t<\/div>\n\t\t\t\t<\/div>\n\t\t<div data-particle_enable=\"false\" data-particle-mobile-disabled=\"false\" class=\"elementor-element elementor-element-31fa352 e-flex e-con-boxed e-con e-parent\" data-id=\"31fa352\" data-element_type=\"container\">\n\t\t\t\t\t<div class=\"e-con-inner\">\n\t\t\t\t<div class=\"elementor-element elementor-element-bcb3221 elementor-widget elementor-widget-text-editor\" data-id=\"bcb3221\" data-element_type=\"widget\" data-widget_type=\"text-editor.default\">\n\t\t\t\t\t\t<div class=\"elementor-widget-container\">\n\t\t\t\t\t\t\t\t\t<p style=\"margin-bottom: 15px;, arial, sans-serif;font-size: 16px\">La \u00fanica base de nuestra creencia es la <strong>Biblia<\/strong>, la infalible Palabra escrita de Dios, los sesenta y seis libros del Antiguo y Nuevo Testamentos. Creemos que fue inspirada por el Esp\u00edritu Santo, de manera singular verbal y total, y que fue escrita sin error en los manuscritos originales. Es la autoridad final y suprema en todos los asuntos a los que se refiere.<\/p><p style=\"margin-bottom: 15px;, arial, sans-serif;font-size: 16px\">Aceptamos aquellas \u00e1reas de ense\u00f1anza doctrinal en las cuales, hist\u00f3ricamente, ha habido un consenso general entre todos los verdaderos cristianos. Debido al llamado especializado de nuestro movimiento, deseamos permitir la libertad de convicci\u00f3n en otros asuntos doctrinales, provisto que cualquier interpretaci\u00f3n est\u00e1 basada solamente en la Biblia y que tal interpretaci\u00f3n no llegue a ser un obst\u00e1culo para el ministerio para el cual Dios nos ha llamado.<\/p><p style=\"margin-bottom: 15px;, arial, sans-serif;font-size: 16px\">Expl\u00edcitamente afirmamos nuestra creencia en las ense\u00f1anzas b\u00e1sicas de la Biblia, como se declaran a continuaci\u00f3n:<\/p>\t\t\t\t\t\t\t\t<\/div>\n\t\t\t\t<\/div>\n\t\t\t\t\t<\/div>\n\t\t\t\t<\/div>\n\t\t<div data-particle_enable=\"false\" data-particle-mobile-disabled=\"false\" class=\"elementor-element elementor-element-d24c523 e-flex e-con-boxed e-con e-parent\" data-id=\"d24c523\" data-element_type=\"container\">\n\t\t\t\t\t<div class=\"e-con-inner\">\n\t\t\t\t<div class=\"elementor-element elementor-element-35a97bd premium-adv-carousel__infinite premium-adv-carousel__horizontal elementor-widget elementor-widget-premium-media-wheel\" data-id=\"35a97bd\" data-element_type=\"widget\" data-widget_type=\"premium-media-wheel.default\">\n\t\t\t\t\t\t<div class=\"elementor-widget-container\">\n\t\t\t\t\t\t\t<div class=\"premium-adv-carousel-no-lightbox premium-adv-carousel__container\" data-settings=\"{&quot;type&quot;:&quot;infinite&quot;,&quot;scroll&quot;:false,&quot;speed&quot;:50,&quot;pauseOnHover&quot;:true,&quot;dir&quot;:&quot;horizontal&quot;,&quot;reverse&quot;:&quot;normal&quot;,&quot;renderEvent&quot;:&quot;scroll&quot;}\">\r\n\r\n\t\t\t<div style=\"visibility:hidden;\" class=\"premium-adv-carousel__inner-container\">\r\n\r\n\t\t\t\t<div class=\"premium-adv-carousel__items\">\r\n\r\n\t\t\t\t\t\t\t\t<div class=\"premium-adv-carousel__item-outer-wrapper\">\r\n\t\t\t\t<div class=\"elementor-repeater-item-e448497 premium-adv-carousel__item premium-adv-carousel__item-image\">\r\n\t\t\t\t\t<div class=\"premium-adv-carousel__media-wrap\">\r\n\t\t\t\t\t\t\t\t\t\t\t\t\t\t<img decoding=\"async\" src=\"https:\/\/www.cru.org\/panama\/wp-content\/uploads\/sites\/960\/2024\/08\/18.png\" alt=\"declaracion 17\" class=\"premium-adv-carousel__item-img premium-hover-effects__zoomin\">\r\n\t\t\t\t\t\t\t\t\t\t\t\t<\/div>\r\n\r\n\t\t\t\t\t\r\n\t\t\t\t\t\t\t\t\t<\/div>\r\n\t\t\t<\/div>\r\n\t\t\t\t\t\t<div class=\"premium-adv-carousel__item-outer-wrapper\">\r\n\t\t\t\t<div class=\"elementor-repeater-item-a530aac premium-adv-carousel__item premium-adv-carousel__item-image\">\r\n\t\t\t\t\t<div class=\"premium-adv-carousel__media-wrap\">\r\n\t\t\t\t\t\t\t\t\t\t\t\t\t\t<img decoding=\"async\" src=\"https:\/\/www.cru.org\/panama\/wp-content\/uploads\/sites\/960\/2024\/08\/17.png\" alt=\"declaracion 16\" class=\"premium-adv-carousel__item-img premium-hover-effects__zoomin\">\r\n\t\t\t\t\t\t\t\t\t\t\t\t<\/div>\r\n\r\n\t\t\t\t\t\r\n\t\t\t\t\t\t\t\t\t<\/div>\r\n\t\t\t<\/div>\r\n\t\t\t\t\t\t<div class=\"premium-adv-carousel__item-outer-wrapper\">\r\n\t\t\t\t<div class=\"elementor-repeater-item-e777571 premium-adv-carousel__item premium-adv-carousel__item-image\">\r\n\t\t\t\t\t<div class=\"premium-adv-carousel__media-wrap\">\r\n\t\t\t\t\t\t\t\t\t\t\t\t\t\t<img decoding=\"async\" src=\"https:\/\/www.cru.org\/panama\/wp-content\/uploads\/sites\/960\/2024\/08\/16.png\" alt=\"declaracion 15\" class=\"premium-adv-carousel__item-img premium-hover-effects__zoomin\">\r\n\t\t\t\t\t\t\t\t\t\t\t\t<\/div>\r\n\r\n\t\t\t\t\t\r\n\t\t\t\t\t\t\t\t\t<\/div>\r\n\t\t\t<\/div>\r\n\t\t\t\t\t\t<div class=\"premium-adv-carousel__item-outer-wrapper\">\r\n\t\t\t\t<div class=\"elementor-repeater-item-5111dfa premium-adv-carousel__item premium-adv-carousel__item-image\">\r\n\t\t\t\t\t<div class=\"premium-adv-carousel__media-wrap\">\r\n\t\t\t\t\t\t\t\t\t\t\t\t\t\t<img decoding=\"async\" src=\"https:\/\/www.cru.org\/panama\/wp-content\/uploads\/sites\/960\/2024\/08\/15.png\" alt=\"declaracion 14\" class=\"premium-adv-carousel__item-img premium-hover-effects__zoomin\">\r\n\t\t\t\t\t\t\t\t\t\t\t\t<\/div>\r\n\r\n\t\t\t\t\t\r\n\t\t\t\t\t\t\t\t\t<\/div>\r\n\t\t\t<\/div>\r\n\t\t\t\t\t\t<div class=\"premium-adv-carousel__item-outer-wrapper\">\r\n\t\t\t\t<div class=\"elementor-repeater-item-b937eba premium-adv-carousel__item premium-adv-carousel__item-image\">\r\n\t\t\t\t\t<div class=\"premium-adv-carousel__media-wrap\">\r\n\t\t\t\t\t\t\t\t\t\t\t\t\t\t<img decoding=\"async\" src=\"https:\/\/www.cru.org\/panama\/wp-content\/uploads\/sites\/960\/2024\/08\/14.png\" alt=\"declaracion 13\" class=\"premium-adv-carousel__item-img premium-hover-effects__zoomin\">\r\n\t\t\t\t\t\t\t\t\t\t\t\t<\/div>\r\n\r\n\t\t\t\t\t\r\n\t\t\t\t\t\t\t\t\t<\/div>\r\n\t\t\t<\/div>\r\n\t\t\t\t\t\t<div class=\"premium-adv-carousel__item-outer-wrapper\">\r\n\t\t\t\t<div class=\"elementor-repeater-item-1399d5c premium-adv-carousel__item premium-adv-carousel__item-image\">\r\n\t\t\t\t\t<div class=\"premium-adv-carousel__media-wrap\">\r\n\t\t\t\t\t\t\t\t\t\t\t\t\t\t<img decoding=\"async\" src=\"https:\/\/www.cru.org\/panama\/wp-content\/uploads\/sites\/960\/2024\/08\/13.png\" alt=\"declaracion 12\" class=\"premium-adv-carousel__item-img premium-hover-effects__zoomin\">\r\n\t\t\t\t\t\t\t\t\t\t\t\t<\/div>\r\n\r\n\t\t\t\t\t\r\n\t\t\t\t\t\t\t\t\t<\/div>\r\n\t\t\t<\/div>\r\n\t\t\t\t\t\t<div class=\"premium-adv-carousel__item-outer-wrapper\">\r\n\t\t\t\t<div class=\"elementor-repeater-item-eeda30b premium-adv-carousel__item premium-adv-carousel__item-image\">\r\n\t\t\t\t\t<div class=\"premium-adv-carousel__media-wrap\">\r\n\t\t\t\t\t\t\t\t\t\t\t\t\t\t<img decoding=\"async\" src=\"https:\/\/www.cru.org\/panama\/wp-content\/uploads\/sites\/960\/2024\/08\/12.png\" alt=\"declaracion 11\" class=\"premium-adv-carousel__item-img premium-hover-effects__zoomin\">\r\n\t\t\t\t\t\t\t\t\t\t\t\t<\/div>\r\n\r\n\t\t\t\t\t\r\n\t\t\t\t\t\t\t\t\t<\/div>\r\n\t\t\t<\/div>\r\n\t\t\t\t\t\t<div class=\"premium-adv-carousel__item-outer-wrapper\">\r\n\t\t\t\t<div class=\"elementor-repeater-item-c63b058 premium-adv-carousel__item premium-adv-carousel__item-image\">\r\n\t\t\t\t\t<div class=\"premium-adv-carousel__media-wrap\">\r\n\t\t\t\t\t\t\t\t\t\t\t\t\t\t<img decoding=\"async\" src=\"https:\/\/www.cru.org\/panama\/wp-content\/uploads\/sites\/960\/2024\/08\/11.png\" alt=\"declaracion 10\" class=\"premium-adv-carousel__item-img premium-hover-effects__zoomin\">\r\n\t\t\t\t\t\t\t\t\t\t\t\t<\/div>\r\n\r\n\t\t\t\t\t\r\n\t\t\t\t\t\t\t\t\t<\/div>\r\n\t\t\t<\/div>\r\n\t\t\t\t\t\t<div class=\"premium-adv-carousel__item-outer-wrapper\">\r\n\t\t\t\t<div class=\"elementor-repeater-item-6dba4ac premium-adv-carousel__item premium-adv-carousel__item-image\">\r\n\t\t\t\t\t<div class=\"premium-adv-carousel__media-wrap\">\r\n\t\t\t\t\t\t\t\t\t\t\t\t\t\t<img decoding=\"async\" src=\"https:\/\/www.cru.org\/panama\/wp-content\/uploads\/sites\/960\/2024\/08\/10.png\" alt=\"declaracion 9\" class=\"premium-adv-carousel__item-img premium-hover-effects__zoomin\">\r\n\t\t\t\t\t\t\t\t\t\t\t\t<\/div>\r\n\r\n\t\t\t\t\t\r\n\t\t\t\t\t\t\t\t\t<\/div>\r\n\t\t\t<\/div>\r\n\t\t\t\t\t\t<div class=\"premium-adv-carousel__item-outer-wrapper\">\r\n\t\t\t\t<div class=\"elementor-repeater-item-e72da70 premium-adv-carousel__item premium-adv-carousel__item-image\">\r\n\t\t\t\t\t<div class=\"premium-adv-carousel__media-wrap\">\r\n\t\t\t\t\t\t\t\t\t\t\t\t\t\t<img decoding=\"async\" src=\"https:\/\/www.cru.org\/panama\/wp-content\/uploads\/sites\/960\/2024\/08\/9.png\" alt=\"declaracion 8\" class=\"premium-adv-carousel__item-img premium-hover-effects__zoomin\">\r\n\t\t\t\t\t\t\t\t\t\t\t\t<\/div>\r\n\r\n\t\t\t\t\t\r\n\t\t\t\t\t\t\t\t\t<\/div>\r\n\t\t\t<\/div>\r\n\t\t\t\t\t\t<div class=\"premium-adv-carousel__item-outer-wrapper\">\r\n\t\t\t\t<div class=\"elementor-repeater-item-122488a premium-adv-carousel__item premium-adv-carousel__item-image\">\r\n\t\t\t\t\t<div class=\"premium-adv-carousel__media-wrap\">\r\n\t\t\t\t\t\t\t\t\t\t\t\t\t\t<img decoding=\"async\" src=\"https:\/\/www.cru.org\/panama\/wp-content\/uploads\/sites\/960\/2024\/08\/8.png\" alt=\"declaracion 7\" class=\"premium-adv-carousel__item-img premium-hover-effects__zoomin\">\r\n\t\t\t\t\t\t\t\t\t\t\t\t<\/div>\r\n\r\n\t\t\t\t\t\r\n\t\t\t\t\t\t\t\t\t<\/div>\r\n\t\t\t<\/div>\r\n\t\t\t\t\t\t<div class=\"premium-adv-carousel__item-outer-wrapper\">\r\n\t\t\t\t<div class=\"elementor-repeater-item-6e702a7 premium-adv-carousel__item premium-adv-carousel__item-image\">\r\n\t\t\t\t\t<div class=\"premium-adv-carousel__media-wrap\">\r\n\t\t\t\t\t\t\t\t\t\t\t\t\t\t<img decoding=\"async\" src=\"https:\/\/www.cru.org\/panama\/wp-content\/uploads\/sites\/960\/2024\/08\/7.png\" alt=\"declaracion 6\" class=\"premium-adv-carousel__item-img premium-hover-effects__zoomin\">\r\n\t\t\t\t\t\t\t\t\t\t\t\t<\/div>\r\n\r\n\t\t\t\t\t\r\n\t\t\t\t\t\t\t\t\t<\/div>\r\n\t\t\t<\/div>\r\n\t\t\t\t\t\t<div class=\"premium-adv-carousel__item-outer-wrapper\">\r\n\t\t\t\t<div class=\"elementor-repeater-item-6e49211 premium-adv-carousel__item premium-adv-carousel__item-image\">\r\n\t\t\t\t\t<div class=\"premium-adv-carousel__media-wrap\">\r\n\t\t\t\t\t\t\t\t\t\t\t\t\t\t<img decoding=\"async\" src=\"https:\/\/www.cru.org\/panama\/wp-content\/uploads\/sites\/960\/2024\/08\/6.png\" alt=\"declaracion 5\" class=\"premium-adv-carousel__item-img premium-hover-effects__zoomin\">\r\n\t\t\t\t\t\t\t\t\t\t\t\t<\/div>\r\n\r\n\t\t\t\t\t\r\n\t\t\t\t\t\t\t\t\t<\/div>\r\n\t\t\t<\/div>\r\n\t\t\t\t\t\t<div class=\"premium-adv-carousel__item-outer-wrapper\">\r\n\t\t\t\t<div class=\"elementor-repeater-item-290694b premium-adv-carousel__item premium-adv-carousel__item-image\">\r\n\t\t\t\t\t<div class=\"premium-adv-carousel__media-wrap\">\r\n\t\t\t\t\t\t\t\t\t\t\t\t\t\t<img decoding=\"async\" src=\"https:\/\/www.cru.org\/panama\/wp-content\/uploads\/sites\/960\/2024\/08\/5_29941a.png\" alt=\"declaracion 4\" class=\"premium-adv-carousel__item-img premium-hover-effects__zoomin\">\r\n\t\t\t\t\t\t\t\t\t\t\t\t<\/div>\r\n\r\n\t\t\t\t\t\r\n\t\t\t\t\t\t\t\t\t<\/div>\r\n\t\t\t<\/div>\r\n\t\t\t\t\t\t<div class=\"premium-adv-carousel__item-outer-wrapper\">\r\n\t\t\t\t<div class=\"elementor-repeater-item-038dc83 premium-adv-carousel__item premium-adv-carousel__item-image\">\r\n\t\t\t\t\t<div class=\"premium-adv-carousel__media-wrap\">\r\n\t\t\t\t\t\t\t\t\t\t\t\t\t\t<img decoding=\"async\" src=\"https:\/\/www.cru.org\/panama\/wp-content\/uploads\/sites\/960\/2024\/08\/4_644203.png\" alt=\"declaracion 3\" class=\"premium-adv-carousel__item-img premium-hover-effects__zoomin\">\r\n\t\t\t\t\t\t\t\t\t\t\t\t<\/div>\r\n\r\n\t\t\t\t\t\r\n\t\t\t\t\t\t\t\t\t<\/div>\r\n\t\t\t<\/div>\r\n\t\t\t\t\t\t<div class=\"premium-adv-carousel__item-outer-wrapper\">\r\n\t\t\t\t<div class=\"elementor-repeater-item-741e7c9 premium-adv-carousel__item premium-adv-carousel__item-image\">\r\n\t\t\t\t\t<div class=\"premium-adv-carousel__media-wrap\">\r\n\t\t\t\t\t\t\t\t\t\t\t\t\t\t<img decoding=\"async\" src=\"https:\/\/www.cru.org\/panama\/wp-content\/uploads\/sites\/960\/2024\/08\/3_c4901b.png\" alt=\"3_c4901b\" class=\"premium-adv-carousel__item-img premium-hover-effects__zoomin\">\r\n\t\t\t\t\t\t\t\t\t\t\t\t<\/div>\r\n\r\n\t\t\t\t\t\r\n\t\t\t\t\t\t\t\t\t<\/div>\r\n\t\t\t<\/div>\r\n\t\t\t\t\t\t<div class=\"premium-adv-carousel__item-outer-wrapper\">\r\n\t\t\t\t<div class=\"elementor-repeater-item-6a87e81 premium-adv-carousel__item premium-adv-carousel__item-image\">\r\n\t\t\t\t\t<div class=\"premium-adv-carousel__media-wrap\">\r\n\t\t\t\t\t\t\t\t\t\t\t\t\t\t<img decoding=\"async\" src=\"https:\/\/www.cru.org\/panama\/wp-content\/uploads\/sites\/960\/2024\/08\/2_0ae3c2.png\" alt=\"2_0ae3c2\" class=\"premium-adv-carousel__item-img premium-hover-effects__zoomin\">\r\n\t\t\t\t\t\t\t\t\t\t\t\t<\/div>\r\n\r\n\t\t\t\t\t\r\n\t\t\t\t\t\t\t\t\t<\/div>\r\n\t\t\t<\/div>\r\n\t\t\t\t\t\t<div class=\"premium-adv-carousel__item-outer-wrapper\">\r\n\t\t\t\t<div class=\"elementor-repeater-item-53d5e36 premium-adv-carousel__item premium-adv-carousel__item-image\">\r\n\t\t\t\t\t<div class=\"premium-adv-carousel__media-wrap\">\r\n\t\t\t\t\t\t\t\t\t\t\t\t\t\t<img decoding=\"async\" src=\"https:\/\/www.cru.org\/panama\/wp-content\/uploads\/sites\/960\/2024\/08\/1_4f0787.png\" alt=\"1_4f0787\" class=\"premium-adv-carousel__item-img premium-hover-effects__zoomin\">\r\n\t\t\t\t\t\t\t\t\t\t\t\t<\/div>\r\n\r\n\t\t\t\t\t\r\n\t\t\t\t\t\t\t\t\t<\/div>\r\n\t\t\t<\/div>\r\n\t\t\t\t\t\t\t<\/div>\r\n\t\t\t<\/div>\r\n\t\t<\/div>\r\n\t\t\t\t\t\t<\/div>\n\t\t\t\t<\/div>\n\t\t\t\t\t<\/div>\n\t\t\t\t<\/div>\n\t\t<div data-particle_enable=\"false\" data-particle-mobile-disabled=\"false\" class=\"elementor-element elementor-element-e180a56 e-flex e-con-boxed e-con e-parent\" data-id=\"e180a56\" data-element_type=\"container\">\n\t\t\t\t\t<div class=\"e-con-inner\">\n\t\t\t\t<div class=\"elementor-element elementor-element-29ea644 elementor-widget elementor-widget-text-editor\" data-id=\"29ea644\" data-element_type=\"widget\" data-widget_type=\"text-editor.default\">\n\t\t\t\t\t\t<div class=\"elementor-widget-container\">\n\t\t\t\t\t\t\t\t\t<p><a href=\"https:\/\/www.cru.org\/panama\/wp-content\/uploads\/sites\/960\/2024\/08\/Estatutos-de-FE.pdf\">Descargar Declaraci\u00f3n de Fe \u2b07\ufe0f<\/a><\/p>\t\t\t\t\t\t\t\t<\/div>\n\t\t\t\t<\/div>\n\t\t\t\t\t<\/div>\n\t\t\t\t<\/div>\n\t\t\t\t<\/div>\n\t\t","protected":false},"excerpt":{"rendered":"<p>\/*! elementor &#8211; v3.23.0 &#8211; 23-07-2024 *\/ .elementor-widget-image{text-align:center}.elementor-widget-image a{display:inline-block}.elementor-widget-image a img[src$=&#8221;.svg&#8221;]{width:48px}.elementor-widget-image img{vertical-align:middle;display:inline-block} La \u00fanica base de nuestra creencia es la Biblia, la infalible Palabra escrita de Dios, los sesenta y seis libros del Antiguo y Nuevo Testamentos. Creemos que fue inspirada por el Esp\u00edritu Santo, de manera singular verbal y total, y que fue escrita [&hellip;]<\/p>\n","protected":false},"author":84609,"featured_media":0,"parent":0,"menu_order":0,"comment_status":"closed","ping_status":"closed","template":"elementor_header_footer","meta":{"_acf_changed":false,"_seopress_robots_primary_cat":"","_seopress_titles_title":"","_seopress_titles_desc":"","_seopress_robots_index":"","footnotes":""},"class_list":["post-491","page","type-page","status-publish","hentry"],"acf":[],"yoast_head":"<!-- This site is optimized with the Yoast SEO plugin v26.7 - https:\/\/yoast.com\/wordpress\/plugins\/seo\/ -->\n<title>Declaraci\u00f3n de Fe - Cru Panam\u00e1<\/title>\n<meta name=\"robots\" content=\"index, follow, max-snippet:-1, max-image-preview:large, max-video-preview:-1\" \/>\n<link rel=\"canonical\" href=\"https:\/\/www.cru.org\/panama\/declaracion-fe\/\" \/>\n<meta property=\"og:locale\" content=\"en_US\" \/>\n<meta property=\"og:type\" content=\"article\" \/>\n<meta property=\"og:title\" content=\"Declaraci\u00f3n de Fe - Cru Panam\u00e1\" \/>\n<meta property=\"og:description\" content=\"\/*! elementor &#8211; v3.23.0 &#8211; 23-07-2024 *\/ .elementor-widget-image{text-align:center}.elementor-widget-image a{display:inline-block}.elementor-widget-image a img[src$=&#8221;.svg&#8221;]{width:48px}.elementor-widget-image img{vertical-align:middle;display:inline-block} La \u00fanica base de nuestra creencia es la Biblia, la infalible Palabra escrita de Dios, los sesenta y seis libros del Antiguo y Nuevo Testamentos. Creemos que fue inspirada por el Esp\u00edritu Santo, de manera singular verbal y total, y que fue escrita [&hellip;]\" \/>\n<meta property=\"og:url\" content=\"https:\/\/www.cru.org\/panama\/declaracion-fe\/\" \/>\n<meta property=\"og:site_name\" content=\"Cru Panam\u00e1\" \/>\n<meta property=\"article:modified_time\" content=\"2024-08-12T16:03:44+00:00\" \/>\n<meta property=\"og:image\" content=\"https:\/\/www.cru.org\/panama\/wp-content\/uploads\/sites\/960\/2024\/08\/Declaracion-de-Fe-1.png?w=1500\" \/>\n<meta name=\"twitter:card\" content=\"summary_large_image\" \/>\n<meta name=\"twitter:label1\" content=\"Est. reading time\" \/>\n\t<meta name=\"twitter:data1\" content=\"1 minute\" \/>\n<script type=\"application\/ld+json\" class=\"yoast-schema-graph\">{\"@context\":\"https:\/\/schema.org\",\"@graph\":[{\"@type\":\"WebPage\",\"@id\":\"https:\/\/www.cru.org\/panama\/declaracion-fe\/\",\"url\":\"https:\/\/www.cru.org\/panama\/declaracion-fe\/\",\"name\":\"Declaraci\u00f3n de Fe - Cru Panam\u00e1\",\"isPartOf\":{\"@id\":\"https:\/\/www.cru.org\/panama\/#website\"},\"primaryImageOfPage\":{\"@id\":\"https:\/\/www.cru.org\/panama\/declaracion-fe\/#primaryimage\"},\"image\":{\"@id\":\"https:\/\/www.cru.org\/panama\/declaracion-fe\/#primaryimage\"},\"thumbnailUrl\":\"https:\/\/www.cru.org\/panama\/wp-content\/uploads\/sites\/960\/2024\/08\/Declaracion-de-Fe-1.png?w=1500\",\"datePublished\":\"2023-08-18T21:56:35+00:00\",\"dateModified\":\"2024-08-12T16:03:44+00:00\",\"breadcrumb\":{\"@id\":\"https:\/\/www.cru.org\/panama\/declaracion-fe\/#breadcrumb\"},\"inLanguage\":\"en-US\",\"potentialAction\":[{\"@type\":\"ReadAction\",\"target\":[\"https:\/\/www.cru.org\/panama\/declaracion-fe\/\"]}]},{\"@type\":\"ImageObject\",\"inLanguage\":\"en-US\",\"@id\":\"https:\/\/www.cru.org\/panama\/declaracion-fe\/#primaryimage\",\"url\":\"https:\/\/www.cru.org\/panama\/wp-content\/uploads\/sites\/960\/2024\/08\/Declaracion-de-Fe-1.png\",\"contentUrl\":\"https:\/\/www.cru.org\/panama\/wp-content\/uploads\/sites\/960\/2024\/08\/Declaracion-de-Fe-1.png\",\"width\":1500,\"height\":500},{\"@type\":\"BreadcrumbList\",\"@id\":\"https:\/\/www.cru.org\/panama\/declaracion-fe\/#breadcrumb\",\"itemListElement\":[{\"@type\":\"ListItem\",\"position\":1,\"name\":\"Home\",\"item\":\"https:\/\/www.cru.org\/panama\/\"},{\"@type\":\"ListItem\",\"position\":2,\"name\":\"Declaraci\u00f3n de Fe\"}]},{\"@type\":\"WebSite\",\"@id\":\"https:\/\/www.cru.org\/panama\/#website\",\"url\":\"https:\/\/www.cru.org\/panama\/\",\"name\":\"Cru Panam\u00e1\",\"description\":\"\",\"publisher\":{\"@id\":\"https:\/\/www.cru.org\/panama\/#organization\"},\"potentialAction\":[{\"@type\":\"SearchAction\",\"target\":{\"@type\":\"EntryPoint\",\"urlTemplate\":\"https:\/\/www.cru.org\/panama\/?s={search_term_string}\"},\"query-input\":{\"@type\":\"PropertyValueSpecification\",\"valueRequired\":true,\"valueName\":\"search_term_string\"}}],\"inLanguage\":\"en-US\"},{\"@type\":\"Organization\",\"@id\":\"https:\/\/www.cru.org\/panama\/#organization\",\"name\":\"Cru Panam\u00e1\",\"url\":\"https:\/\/www.cru.org\/panama\/\",\"logo\":{\"@type\":\"ImageObject\",\"inLanguage\":\"en-US\",\"@id\":\"https:\/\/www.cru.org\/panama\/#\/schema\/logo\/image\/\",\"url\":\"https:\/\/www.cru.org\/panama\/wp-content\/uploads\/sites\/960\/2023\/08\/cru_logo.png\",\"contentUrl\":\"https:\/\/www.cru.org\/panama\/wp-content\/uploads\/sites\/960\/2023\/08\/cru_logo.png\",\"width\":360,\"height\":224,\"caption\":\"Cru Panam\u00e1\"},\"image\":{\"@id\":\"https:\/\/www.cru.org\/panama\/#\/schema\/logo\/image\/\"}}]}<\/script>\n<!-- \/ Yoast SEO plugin. -->","yoast_head_json":{"title":"Declaraci\u00f3n de Fe - Cru Panam\u00e1","robots":{"index":"index","follow":"follow","max-snippet":"max-snippet:-1","max-image-preview":"max-image-preview:large","max-video-preview":"max-video-preview:-1"},"canonical":"https:\/\/www.cru.org\/panama\/declaracion-fe\/","og_locale":"en_US","og_type":"article","og_title":"Declaraci\u00f3n de Fe - Cru Panam\u00e1","og_description":"\/*! elementor &#8211; v3.23.0 &#8211; 23-07-2024 *\/ .elementor-widget-image{text-align:center}.elementor-widget-image a{display:inline-block}.elementor-widget-image a img[src$=&#8221;.svg&#8221;]{width:48px}.elementor-widget-image img{vertical-align:middle;display:inline-block} La \u00fanica base de nuestra creencia es la Biblia, la infalible Palabra escrita de Dios, los sesenta y seis libros del Antiguo y Nuevo Testamentos. Creemos que fue inspirada por el Esp\u00edritu Santo, de manera singular verbal y total, y que fue escrita [&hellip;]","og_url":"https:\/\/www.cru.org\/panama\/declaracion-fe\/","og_site_name":"Cru Panam\u00e1","article_modified_time":"2024-08-12T16:03:44+00:00","og_image":[{"url":"https:\/\/www.cru.org\/panama\/wp-content\/uploads\/sites\/960\/2024\/08\/Declaracion-de-Fe-1.png?w=1500","type":"","width":"","height":""}],"twitter_card":"summary_large_image","twitter_misc":{"Est. reading time":"1 minute"},"schema":{"@context":"https:\/\/schema.org","@graph":[{"@type":"WebPage","@id":"https:\/\/www.cru.org\/panama\/declaracion-fe\/","url":"https:\/\/www.cru.org\/panama\/declaracion-fe\/","name":"Declaraci\u00f3n de Fe - Cru Panam\u00e1","isPartOf":{"@id":"https:\/\/www.cru.org\/panama\/#website"},"primaryImageOfPage":{"@id":"https:\/\/www.cru.org\/panama\/declaracion-fe\/#primaryimage"},"image":{"@id":"https:\/\/www.cru.org\/panama\/declaracion-fe\/#primaryimage"},"thumbnailUrl":"https:\/\/www.cru.org\/panama\/wp-content\/uploads\/sites\/960\/2024\/08\/Declaracion-de-Fe-1.png?w=1500","datePublished":"2023-08-18T21:56:35+00:00","dateModified":"2024-08-12T16:03:44+00:00","breadcrumb":{"@id":"https:\/\/www.cru.org\/panama\/declaracion-fe\/#breadcrumb"},"inLanguage":"en-US","potentialAction":[{"@type":"ReadAction","target":["https:\/\/www.cru.org\/panama\/declaracion-fe\/"]}]},{"@type":"ImageObject","inLanguage":"en-US","@id":"https:\/\/www.cru.org\/panama\/declaracion-fe\/#primaryimage","url":"https:\/\/www.cru.org\/panama\/wp-content\/uploads\/sites\/960\/2024\/08\/Declaracion-de-Fe-1.png","contentUrl":"https:\/\/www.cru.org\/panama\/wp-content\/uploads\/sites\/960\/2024\/08\/Declaracion-de-Fe-1.png","width":1500,"height":500},{"@type":"BreadcrumbList","@id":"https:\/\/www.cru.org\/panama\/declaracion-fe\/#breadcrumb","itemListElement":[{"@type":"ListItem","position":1,"name":"Home","item":"https:\/\/www.cru.org\/panama\/"},{"@type":"ListItem","position":2,"name":"Declaraci\u00f3n de Fe"}]},{"@type":"WebSite","@id":"https:\/\/www.cru.org\/panama\/#website","url":"https:\/\/www.cru.org\/panama\/","name":"Cru Panam\u00e1","description":"","publisher":{"@id":"https:\/\/www.cru.org\/panama\/#organization"},"potentialAction":[{"@type":"SearchAction","target":{"@type":"EntryPoint","urlTemplate":"https:\/\/www.cru.org\/panama\/?s={search_term_string}"},"query-input":{"@type":"PropertyValueSpecification","valueRequired":true,"valueName":"search_term_string"}}],"inLanguage":"en-US"},{"@type":"Organization","@id":"https:\/\/www.cru.org\/panama\/#organization","name":"Cru Panam\u00e1","url":"https:\/\/www.cru.org\/panama\/","logo":{"@type":"ImageObject","inLanguage":"en-US","@id":"https:\/\/www.cru.org\/panama\/#\/schema\/logo\/image\/","url":"https:\/\/www.cru.org\/panama\/wp-content\/uploads\/sites\/960\/2023\/08\/cru_logo.png","contentUrl":"https:\/\/www.cru.org\/panama\/wp-content\/uploads\/sites\/960\/2023\/08\/cru_logo.png","width":360,"height":224,"caption":"Cru Panam\u00e1"},"image":{"@id":"https:\/\/www.cru.org\/panama\/#\/schema\/logo\/image\/"}}]}},"jetpack_sharing_enabled":true,"meta_box":{"_cloudsearch_visibility":""},"_links":{"self":[{"href":"https:\/\/www.cru.org\/panama\/wp-json\/wp\/v2\/pages\/491","targetHints":{"allow":["GET"]}}],"collection":[{"href":"https:\/\/www.cru.org\/panama\/wp-json\/wp\/v2\/pages"}],"about":[{"href":"https:\/\/www.cru.org\/panama\/wp-json\/wp\/v2\/types\/page"}],"author":[{"embeddable":true,"href":"https:\/\/www.cru.org\/panama\/wp-json\/wp\/v2\/users\/84609"}],"replies":[{"embeddable":true,"href":"https:\/\/www.cru.org\/panama\/wp-json\/wp\/v2\/comments?post=491"}],"version-history":[{"count":22,"href":"https:\/\/www.cru.org\/panama\/wp-json\/wp\/v2\/pages\/491\/revisions"}],"predecessor-version":[{"id":4343,"href":"https:\/\/www.cru.org\/panama\/wp-json\/wp\/v2\/pages\/491\/revisions\/4343"}],"wp:attachment":[{"href":"https:\/\/www.cru.org\/panama\/wp-json\/wp\/v2\/media?parent=491"}],"curies":[{"name":"wp","href":"https:\/\/api.w.org\/{rel}","templated":true}]}}