{"id":397,"date":"2023-08-16T19:17:10","date_gmt":"2023-08-16T19:17:10","guid":{"rendered":"http:\/\/crupma.lacomunidadbc.com\/wp\/about-2\/"},"modified":"2024-08-03T17:51:28","modified_gmt":"2024-08-03T17:51:28","slug":"nuestro-llamado","status":"publish","type":"page","link":"https:\/\/www.cru.org\/panama\/nuestro-llamado\/","title":{"rendered":"Nuestro llamado"},"content":{"rendered":"\t\t<div data-elementor-type=\"wp-page\" data-elementor-id=\"397\" class=\"elementor elementor-397\" data-elementor-post-type=\"page\">\n\t\t\t\t<div data-particle_enable=\"false\" data-particle-mobile-disabled=\"false\" class=\"elementor-element elementor-element-99b7b15 e-flex e-con-boxed e-con e-parent\" data-id=\"99b7b15\" data-element_type=\"container\">\n\t\t\t\t\t<div class=\"e-con-inner\">\n\t\t\t\t<div class=\"elementor-element elementor-element-ee025b3 elementor-widget elementor-widget-image\" data-id=\"ee025b3\" data-element_type=\"widget\" data-widget_type=\"image.default\">\n\t\t\t\t\t\t<div class=\"elementor-widget-container\">\n\t\t\t\t\t\t\t\t\t\t\t\t\t\t\t<img decoding=\"async\" src=\"https:\/\/www.cru.org\/panama\/wp-content\/uploads\/sites\/960\/2024\/08\/Aesthetic-Twitter-Header.png?w=2200\" title=\"Lo que hacemos\" alt=\"Lo que hacemos\" loading=\"lazy\" \/>\t\t\t\t\t\t\t\t\t\t\t\t\t\t\t<\/div>\n\t\t\t\t<\/div>\n\t\t\t\t\t<\/div>\n\t\t\t\t<\/div>\n\t\t<div data-particle_enable=\"false\" data-particle-mobile-disabled=\"false\" class=\"elementor-element elementor-element-7b002d3 e-flex e-con-boxed e-con e-parent\" data-id=\"7b002d3\" data-element_type=\"container\">\n\t\t\t\t\t<div class=\"e-con-inner\">\n\t\t\t\t<div class=\"elementor-element elementor-element-356f9c3 elementor-widget elementor-widget-heading\" data-id=\"356f9c3\" data-element_type=\"widget\" data-widget_type=\"heading.default\">\n\t\t\t\t\t\t<div class=\"elementor-widget-container\">\n\t\t\t\t\t<h3 class=\"elementor-heading-title elementor-size-default\">Cru es una comunidad apasionada por conectar al as personas con Jes\u00fas<\/h3>\t\t\t\t<\/div>\n\t\t\t\t<\/div>\n\t\t\t\t\t<\/div>\n\t\t\t\t<\/div>\n\t\t\t\t<section data-particle_enable=\"false\" data-particle-mobile-disabled=\"false\" class=\"elementor-section elementor-top-section elementor-element elementor-element-19736da elementor-section-boxed elementor-section-height-default elementor-section-height-default\" data-id=\"19736da\" data-element_type=\"section\" data-settings=\"{&quot;background_background&quot;:&quot;classic&quot;}\">\n\t\t\t\t\t\t<div class=\"elementor-container elementor-column-gap-default\">\n\t\t\t\t\t<div class=\"elementor-column elementor-col-100 elementor-top-column elementor-element elementor-element-d9da753\" data-id=\"d9da753\" data-element_type=\"column\">\n\t\t\t<div class=\"elementor-widget-wrap elementor-element-populated\">\n\t\t\t\t\t\t<section data-particle_enable=\"false\" data-particle-mobile-disabled=\"false\" class=\"elementor-section elementor-inner-section elementor-element elementor-element-c76be40 elementor-section-content-middle elementor-section-boxed elementor-section-height-default elementor-section-height-default\" data-id=\"c76be40\" data-element_type=\"section\">\n\t\t\t\t\t\t<div class=\"elementor-container elementor-column-gap-default\">\n\t\t\t\t\t<div class=\"elementor-column elementor-col-50 elementor-inner-column elementor-element elementor-element-0873ded\" data-id=\"0873ded\" data-element_type=\"column\">\n\t\t\t<div class=\"elementor-widget-wrap elementor-element-populated\">\n\t\t\t\t\t\t<div class=\"elementor-element elementor-element-2d70580 elementor-widget elementor-widget-image\" data-id=\"2d70580\" data-element_type=\"widget\" data-widget_type=\"image.default\">\n\t\t\t\t\t\t<div class=\"elementor-widget-container\">\n\t\t\t\t\t\t\t\t\t\t\t\t\t\t\t<img decoding=\"async\" src=\"https:\/\/www.cru.org\/panama\/wp-content\/uploads\/sites\/960\/2024\/08\/IMG_6926.jpg?w=2200\" title=\"Solarium\" alt=\"Solarium\" loading=\"lazy\" \/>\t\t\t\t\t\t\t\t\t\t\t\t\t\t\t<\/div>\n\t\t\t\t<\/div>\n\t\t\t\t\t<\/div>\n\t\t<\/div>\n\t\t\t\t<div class=\"elementor-column elementor-col-50 elementor-inner-column elementor-element elementor-element-1bdd7e0\" data-id=\"1bdd7e0\" data-element_type=\"column\">\n\t\t\t<div class=\"elementor-widget-wrap elementor-element-populated\">\n\t\t\t\t\t\t<div class=\"elementor-element elementor-element-5fcb710 elementor-widget elementor-widget-heading\" data-id=\"5fcb710\" data-element_type=\"widget\" data-widget_type=\"heading.default\">\n\t\t\t\t\t\t<div class=\"elementor-widget-container\">\n\t\t\t\t\t<h2 class=\"elementor-heading-title elementor-size-default\">Nuestro Llamado<\/h2>\t\t\t\t<\/div>\n\t\t\t\t<\/div>\n\t\t\t\t<div class=\"elementor-element elementor-element-46d1a20 elementor-widget elementor-widget-heading\" data-id=\"46d1a20\" data-element_type=\"widget\" data-widget_type=\"heading.default\">\n\t\t\t\t\t\t<div class=\"elementor-widget-container\">\n\t\t\t\t\t<span class=\"elementor-heading-title elementor-size-default\">Nuestro prop\u00f3sito es ayudar a cumplir la Gran Comisi\u00f3n en el poder del Esp\u00edritu Santo, ganando personas para la fe en Jesucristo, edific\u00e1ndolas en su fe y envi\u00e1ndolas a ganar y edificar a otros.<\/span>\t\t\t\t<\/div>\n\t\t\t\t<\/div>\n\t\t\t\t<div class=\"elementor-element elementor-element-7c5e73b elementor-align-left elementor-mobile-align-justify elementor-widget elementor-widget-button\" data-id=\"7c5e73b\" data-element_type=\"widget\" data-widget_type=\"button.default\">\n\t\t\t\t\t\t<div class=\"elementor-widget-container\">\n\t\t\t\t\t\t\t\t\t<div class=\"elementor-button-wrapper\">\n\t\t\t\t\t<a class=\"elementor-button elementor-size-lg\" role=\"button\">\n\t\t\t\t\t\t<span class=\"elementor-button-content-wrapper\">\n\t\t\t\t\t\t\t\t\t<span class=\"elementor-button-text\">Evangelismo  Discipulado  Misiones<\/span>\n\t\t\t\t\t<\/span>\n\t\t\t\t\t<\/a>\n\t\t\t\t<\/div>\n\t\t\t\t\t\t\t\t<\/div>\n\t\t\t\t<\/div>\n\t\t\t\t\t<\/div>\n\t\t<\/div>\n\t\t\t\t\t<\/div>\n\t\t<\/section>\n\t\t\t\t\t<\/div>\n\t\t<\/div>\n\t\t\t\t\t<\/div>\n\t\t<\/section>\n\t\t\t\t<section data-particle_enable=\"false\" data-particle-mobile-disabled=\"false\" class=\"elementor-section elementor-top-section elementor-element elementor-element-251d52f elementor-section-boxed elementor-section-height-default elementor-section-height-default\" data-id=\"251d52f\" data-element_type=\"section\">\n\t\t\t\t\t\t<div class=\"elementor-container elementor-column-gap-default\">\n\t\t\t\t\t<div class=\"elementor-column elementor-col-33 elementor-top-column elementor-element elementor-element-44a40b3\" data-id=\"44a40b3\" data-element_type=\"column\">\n\t\t\t<div class=\"elementor-widget-wrap elementor-element-populated\">\n\t\t\t\t\t\t<div class=\"elementor-element elementor-element-9cc2548 elementor-position-top elementor-widget elementor-widget-image-box\" data-id=\"9cc2548\" data-element_type=\"widget\" data-widget_type=\"image-box.default\">\n\t\t\t\t\t\t<div class=\"elementor-widget-container\">\n\t\t\t\t\t<div class=\"elementor-image-box-wrapper\"><figure class=\"elementor-image-box-img\"><img fetchpriority=\"high\" decoding=\"async\" width=\"512\" height=\"512\" src=\"https:\/\/www.cru.org\/panama\/wp-content\/uploads\/sites\/960\/2024\/08\/objetivo.png\" class=\"elementor-animation-grow attachment-full size-full wp-image-4253\" alt=\"\" srcset=\"https:\/\/www.cru.org\/panama\/wp-content\/uploads\/sites\/960\/2024\/08\/objetivo.png 512w, https:\/\/www.cru.org\/panama\/wp-content\/uploads\/sites\/960\/2024\/08\/objetivo.png?resize=300,300 300w\" sizes=\"(max-width: 512px) 100vw, 512px\" \/><\/figure><div class=\"elementor-image-box-content\"><h3 class=\"elementor-image-box-title\">VISI\u00d3N<\/h3><p class=\"elementor-image-box-description\">Movimientos en todas partes para que todos conozcan a alguien que realmente sigue a Jes\u00fas.<\/p><\/div><\/div>\t\t\t\t<\/div>\n\t\t\t\t<\/div>\n\t\t\t\t\t<\/div>\n\t\t<\/div>\n\t\t\t\t<div class=\"elementor-column elementor-col-33 elementor-top-column elementor-element elementor-element-2ad54f4\" data-id=\"2ad54f4\" data-element_type=\"column\">\n\t\t\t<div class=\"elementor-widget-wrap elementor-element-populated\">\n\t\t\t\t\t\t<div class=\"elementor-element elementor-element-3edf34b elementor-position-top elementor-widget elementor-widget-image-box\" data-id=\"3edf34b\" data-element_type=\"widget\" data-widget_type=\"image-box.default\">\n\t\t\t\t\t\t<div class=\"elementor-widget-container\">\n\t\t\t\t\t<div class=\"elementor-image-box-wrapper\"><figure class=\"elementor-image-box-img\"><img decoding=\"async\" width=\"512\" height=\"512\" src=\"https:\/\/www.cru.org\/panama\/wp-content\/uploads\/sites\/960\/2024\/08\/mision.png\" class=\"elementor-animation-grow attachment-full size-full wp-image-4247\" alt=\"\" srcset=\"https:\/\/www.cru.org\/panama\/wp-content\/uploads\/sites\/960\/2024\/08\/mision.png 512w, https:\/\/www.cru.org\/panama\/wp-content\/uploads\/sites\/960\/2024\/08\/mision.png?resize=300,300 300w\" sizes=\"(max-width: 512px) 100vw, 512px\" \/><\/figure><div class=\"elementor-image-box-content\"><h3 class=\"elementor-image-box-title\">MISI\u00d3N<\/h3><p class=\"elementor-image-box-description\">Ganar, edificar y enviar disc\u00edpulos multiplicadores centrados en Cristo<\/p><\/div><\/div>\t\t\t\t<\/div>\n\t\t\t\t<\/div>\n\t\t\t\t\t<\/div>\n\t\t<\/div>\n\t\t\t\t<div class=\"elementor-column elementor-col-33 elementor-top-column elementor-element elementor-element-68abfc3\" data-id=\"68abfc3\" data-element_type=\"column\">\n\t\t\t<div class=\"elementor-widget-wrap elementor-element-populated\">\n\t\t\t\t\t\t<div class=\"elementor-element elementor-element-87570ab elementor-position-top elementor-widget elementor-widget-image-box\" data-id=\"87570ab\" data-element_type=\"widget\" data-widget_type=\"image-box.default\">\n\t\t\t\t\t\t<div class=\"elementor-widget-container\">\n\t\t\t\t\t<div class=\"elementor-image-box-wrapper\"><figure class=\"elementor-image-box-img\"><img decoding=\"async\" width=\"512\" height=\"512\" src=\"https:\/\/www.cru.org\/panama\/wp-content\/uploads\/sites\/960\/2024\/08\/uvas.png\" class=\"elementor-animation-grow attachment-full size-full wp-image-4254\" alt=\"\" srcset=\"https:\/\/www.cru.org\/panama\/wp-content\/uploads\/sites\/960\/2024\/08\/uvas.png 512w, https:\/\/www.cru.org\/panama\/wp-content\/uploads\/sites\/960\/2024\/08\/uvas.png?resize=300,300 300w\" sizes=\"(max-width: 512px) 100vw, 512px\" \/><\/figure><div class=\"elementor-image-box-content\"><h3 class=\"elementor-image-box-title\">FRUTOS<\/h3><p class=\"elementor-image-box-description\">\nFe, crecimiento y frutos abundantes\n\n<\/p><\/div><\/div>\t\t\t\t<\/div>\n\t\t\t\t<\/div>\n\t\t\t\t\t<\/div>\n\t\t<\/div>\n\t\t\t\t\t<\/div>\n\t\t<\/section>\n\t\t\t\t<\/div>\n\t\t","protected":false},"excerpt":{"rendered":"<p>\/*! elementor &#8211; v3.22.0 &#8211; 26-06-2024 *\/ .elementor-widget-image{text-align:center}.elementor-widget-image a{display:inline-block}.elementor-widget-image a img[src$=&#8221;.svg&#8221;]{width:48px}.elementor-widget-image img{vertical-align:middle;display:inline-block} \/*! elementor &#8211; v3.22.0 &#8211; 26-06-2024 *\/ .elementor-heading-title{padding:0;margin:0;line-height:1}.elementor-widget-heading .elementor-heading-title[class*=elementor-size-]&gt;a{color:inherit;font-size:inherit;line-height:inherit}.elementor-widget-heading .elementor-heading-title.elementor-size-small{font-size:15px}.elementor-widget-heading .elementor-heading-title.elementor-size-medium{font-size:19px}.elementor-widget-heading .elementor-heading-title.elementor-size-large{font-size:29px}.elementor-widget-heading .elementor-heading-title.elementor-size-xl{font-size:39px}.elementor-widget-heading .elementor-heading-title.elementor-size-xxl{font-size:59px} Cru es una comunidad apasionada por conectar al as personas con Jes\u00fas Nuestro Llamado Nuestro prop\u00f3sito es ayudar a cumplir la Gran Comisi\u00f3n en el poder del Esp\u00edritu Santo, [&hellip;]<\/p>\n","protected":false},"author":84609,"featured_media":0,"parent":0,"menu_order":0,"comment_status":"closed","ping_status":"closed","template":"","meta":{"_acf_changed":false,"_seopress_robots_primary_cat":"","_seopress_titles_title":"","_seopress_titles_desc":"","_seopress_robots_index":"","footnotes":""},"class_list":["post-397","page","type-page","status-publish","hentry"],"acf":[],"yoast_head":"<!-- This site is optimized with the Yoast SEO plugin v26.7 - https:\/\/yoast.com\/wordpress\/plugins\/seo\/ -->\n<title>Nuestro llamado - Cru Panam\u00e1<\/title>\n<meta name=\"robots\" content=\"index, follow, max-snippet:-1, max-image-preview:large, max-video-preview:-1\" \/>\n<link rel=\"canonical\" href=\"https:\/\/www.cru.org\/panama\/nuestro-llamado\/\" \/>\n<meta property=\"og:locale\" content=\"en_US\" \/>\n<meta property=\"og:type\" content=\"article\" \/>\n<meta property=\"og:title\" content=\"Nuestro llamado - Cru Panam\u00e1\" \/>\n<meta property=\"og:description\" content=\"\/*! elementor &#8211; v3.22.0 &#8211; 26-06-2024 *\/ .elementor-widget-image{text-align:center}.elementor-widget-image a{display:inline-block}.elementor-widget-image a img[src$=&#8221;.svg&#8221;]{width:48px}.elementor-widget-image img{vertical-align:middle;display:inline-block} \/*! elementor &#8211; v3.22.0 &#8211; 26-06-2024 *\/ .elementor-heading-title{padding:0;margin:0;line-height:1}.elementor-widget-heading .elementor-heading-title[class*=elementor-size-]&gt;a{color:inherit;font-size:inherit;line-height:inherit}.elementor-widget-heading .elementor-heading-title.elementor-size-small{font-size:15px}.elementor-widget-heading .elementor-heading-title.elementor-size-medium{font-size:19px}.elementor-widget-heading .elementor-heading-title.elementor-size-large{font-size:29px}.elementor-widget-heading .elementor-heading-title.elementor-size-xl{font-size:39px}.elementor-widget-heading .elementor-heading-title.elementor-size-xxl{font-size:59px} Cru es una comunidad apasionada por conectar al as personas con Jes\u00fas Nuestro Llamado Nuestro prop\u00f3sito es ayudar a cumplir la Gran Comisi\u00f3n en el poder del Esp\u00edritu Santo, [&hellip;]\" \/>\n<meta property=\"og:url\" content=\"https:\/\/www.cru.org\/panama\/nuestro-llamado\/\" \/>\n<meta property=\"og:site_name\" content=\"Cru Panam\u00e1\" \/>\n<meta property=\"article:modified_time\" content=\"2024-08-03T17:51:28+00:00\" \/>\n<meta property=\"og:image\" content=\"https:\/\/www.cru.org\/panama\/wp-content\/uploads\/sites\/960\/2024\/08\/Aesthetic-Twitter-Header.png?w=2200\" \/>\n<meta name=\"twitter:card\" content=\"summary_large_image\" \/>\n<meta name=\"twitter:label1\" content=\"Est. reading time\" \/>\n\t<meta name=\"twitter:data1\" content=\"1 minute\" \/>\n<script type=\"application\/ld+json\" class=\"yoast-schema-graph\">{\"@context\":\"https:\/\/schema.org\",\"@graph\":[{\"@type\":\"WebPage\",\"@id\":\"https:\/\/www.cru.org\/panama\/nuestro-llamado\/\",\"url\":\"https:\/\/www.cru.org\/panama\/nuestro-llamado\/\",\"name\":\"Nuestro llamado - Cru Panam\u00e1\",\"isPartOf\":{\"@id\":\"https:\/\/www.cru.org\/panama\/#website\"},\"primaryImageOfPage\":{\"@id\":\"https:\/\/www.cru.org\/panama\/nuestro-llamado\/#primaryimage\"},\"image\":{\"@id\":\"https:\/\/www.cru.org\/panama\/nuestro-llamado\/#primaryimage\"},\"thumbnailUrl\":\"https:\/\/www.cru.org\/panama\/wp-content\/uploads\/sites\/960\/2024\/08\/Aesthetic-Twitter-Header.png?w=2200\",\"datePublished\":\"2023-08-16T19:17:10+00:00\",\"dateModified\":\"2024-08-03T17:51:28+00:00\",\"breadcrumb\":{\"@id\":\"https:\/\/www.cru.org\/panama\/nuestro-llamado\/#breadcrumb\"},\"inLanguage\":\"en-US\",\"potentialAction\":[{\"@type\":\"ReadAction\",\"target\":[\"https:\/\/www.cru.org\/panama\/nuestro-llamado\/\"]}]},{\"@type\":\"ImageObject\",\"inLanguage\":\"en-US\",\"@id\":\"https:\/\/www.cru.org\/panama\/nuestro-llamado\/#primaryimage\",\"url\":\"https:\/\/www.cru.org\/panama\/wp-content\/uploads\/sites\/960\/2024\/08\/Aesthetic-Twitter-Header.png\",\"contentUrl\":\"https:\/\/www.cru.org\/panama\/wp-content\/uploads\/sites\/960\/2024\/08\/Aesthetic-Twitter-Header.png\",\"width\":2250,\"height\":750},{\"@type\":\"BreadcrumbList\",\"@id\":\"https:\/\/www.cru.org\/panama\/nuestro-llamado\/#breadcrumb\",\"itemListElement\":[{\"@type\":\"ListItem\",\"position\":1,\"name\":\"Home\",\"item\":\"https:\/\/www.cru.org\/panama\/\"},{\"@type\":\"ListItem\",\"position\":2,\"name\":\"Nuestro llamado\"}]},{\"@type\":\"WebSite\",\"@id\":\"https:\/\/www.cru.org\/panama\/#website\",\"url\":\"https:\/\/www.cru.org\/panama\/\",\"name\":\"Cru Panam\u00e1\",\"description\":\"\",\"publisher\":{\"@id\":\"https:\/\/www.cru.org\/panama\/#organization\"},\"potentialAction\":[{\"@type\":\"SearchAction\",\"target\":{\"@type\":\"EntryPoint\",\"urlTemplate\":\"https:\/\/www.cru.org\/panama\/?s={search_term_string}\"},\"query-input\":{\"@type\":\"PropertyValueSpecification\",\"valueRequired\":true,\"valueName\":\"search_term_string\"}}],\"inLanguage\":\"en-US\"},{\"@type\":\"Organization\",\"@id\":\"https:\/\/www.cru.org\/panama\/#organization\",\"name\":\"Cru Panam\u00e1\",\"url\":\"https:\/\/www.cru.org\/panama\/\",\"logo\":{\"@type\":\"ImageObject\",\"inLanguage\":\"en-US\",\"@id\":\"https:\/\/www.cru.org\/panama\/#\/schema\/logo\/image\/\",\"url\":\"https:\/\/www.cru.org\/panama\/wp-content\/uploads\/sites\/960\/2023\/08\/cru_logo.png\",\"contentUrl\":\"https:\/\/www.cru.org\/panama\/wp-content\/uploads\/sites\/960\/2023\/08\/cru_logo.png\",\"width\":360,\"height\":224,\"caption\":\"Cru Panam\u00e1\"},\"image\":{\"@id\":\"https:\/\/www.cru.org\/panama\/#\/schema\/logo\/image\/\"}}]}<\/script>\n<!-- \/ Yoast SEO plugin. -->","yoast_head_json":{"title":"Nuestro llamado - Cru Panam\u00e1","robots":{"index":"index","follow":"follow","max-snippet":"max-snippet:-1","max-image-preview":"max-image-preview:large","max-video-preview":"max-video-preview:-1"},"canonical":"https:\/\/www.cru.org\/panama\/nuestro-llamado\/","og_locale":"en_US","og_type":"article","og_title":"Nuestro llamado - Cru Panam\u00e1","og_description":"\/*! elementor &#8211; v3.22.0 &#8211; 26-06-2024 *\/ .elementor-widget-image{text-align:center}.elementor-widget-image a{display:inline-block}.elementor-widget-image a img[src$=&#8221;.svg&#8221;]{width:48px}.elementor-widget-image img{vertical-align:middle;display:inline-block} \/*! elementor &#8211; v3.22.0 &#8211; 26-06-2024 *\/ .elementor-heading-title{padding:0;margin:0;line-height:1}.elementor-widget-heading .elementor-heading-title[class*=elementor-size-]&gt;a{color:inherit;font-size:inherit;line-height:inherit}.elementor-widget-heading .elementor-heading-title.elementor-size-small{font-size:15px}.elementor-widget-heading .elementor-heading-title.elementor-size-medium{font-size:19px}.elementor-widget-heading .elementor-heading-title.elementor-size-large{font-size:29px}.elementor-widget-heading .elementor-heading-title.elementor-size-xl{font-size:39px}.elementor-widget-heading .elementor-heading-title.elementor-size-xxl{font-size:59px} Cru es una comunidad apasionada por conectar al as personas con Jes\u00fas Nuestro Llamado Nuestro prop\u00f3sito es ayudar a cumplir la Gran Comisi\u00f3n en el poder del Esp\u00edritu Santo, [&hellip;]","og_url":"https:\/\/www.cru.org\/panama\/nuestro-llamado\/","og_site_name":"Cru Panam\u00e1","article_modified_time":"2024-08-03T17:51:28+00:00","og_image":[{"url":"https:\/\/www.cru.org\/panama\/wp-content\/uploads\/sites\/960\/2024\/08\/Aesthetic-Twitter-Header.png?w=2200","type":"","width":"","height":""}],"twitter_card":"summary_large_image","twitter_misc":{"Est. reading time":"1 minute"},"schema":{"@context":"https:\/\/schema.org","@graph":[{"@type":"WebPage","@id":"https:\/\/www.cru.org\/panama\/nuestro-llamado\/","url":"https:\/\/www.cru.org\/panama\/nuestro-llamado\/","name":"Nuestro llamado - Cru Panam\u00e1","isPartOf":{"@id":"https:\/\/www.cru.org\/panama\/#website"},"primaryImageOfPage":{"@id":"https:\/\/www.cru.org\/panama\/nuestro-llamado\/#primaryimage"},"image":{"@id":"https:\/\/www.cru.org\/panama\/nuestro-llamado\/#primaryimage"},"thumbnailUrl":"https:\/\/www.cru.org\/panama\/wp-content\/uploads\/sites\/960\/2024\/08\/Aesthetic-Twitter-Header.png?w=2200","datePublished":"2023-08-16T19:17:10+00:00","dateModified":"2024-08-03T17:51:28+00:00","breadcrumb":{"@id":"https:\/\/www.cru.org\/panama\/nuestro-llamado\/#breadcrumb"},"inLanguage":"en-US","potentialAction":[{"@type":"ReadAction","target":["https:\/\/www.cru.org\/panama\/nuestro-llamado\/"]}]},{"@type":"ImageObject","inLanguage":"en-US","@id":"https:\/\/www.cru.org\/panama\/nuestro-llamado\/#primaryimage","url":"https:\/\/www.cru.org\/panama\/wp-content\/uploads\/sites\/960\/2024\/08\/Aesthetic-Twitter-Header.png","contentUrl":"https:\/\/www.cru.org\/panama\/wp-content\/uploads\/sites\/960\/2024\/08\/Aesthetic-Twitter-Header.png","width":2250,"height":750},{"@type":"BreadcrumbList","@id":"https:\/\/www.cru.org\/panama\/nuestro-llamado\/#breadcrumb","itemListElement":[{"@type":"ListItem","position":1,"name":"Home","item":"https:\/\/www.cru.org\/panama\/"},{"@type":"ListItem","position":2,"name":"Nuestro llamado"}]},{"@type":"WebSite","@id":"https:\/\/www.cru.org\/panama\/#website","url":"https:\/\/www.cru.org\/panama\/","name":"Cru Panam\u00e1","description":"","publisher":{"@id":"https:\/\/www.cru.org\/panama\/#organization"},"potentialAction":[{"@type":"SearchAction","target":{"@type":"EntryPoint","urlTemplate":"https:\/\/www.cru.org\/panama\/?s={search_term_string}"},"query-input":{"@type":"PropertyValueSpecification","valueRequired":true,"valueName":"search_term_string"}}],"inLanguage":"en-US"},{"@type":"Organization","@id":"https:\/\/www.cru.org\/panama\/#organization","name":"Cru Panam\u00e1","url":"https:\/\/www.cru.org\/panama\/","logo":{"@type":"ImageObject","inLanguage":"en-US","@id":"https:\/\/www.cru.org\/panama\/#\/schema\/logo\/image\/","url":"https:\/\/www.cru.org\/panama\/wp-content\/uploads\/sites\/960\/2023\/08\/cru_logo.png","contentUrl":"https:\/\/www.cru.org\/panama\/wp-content\/uploads\/sites\/960\/2023\/08\/cru_logo.png","width":360,"height":224,"caption":"Cru Panam\u00e1"},"image":{"@id":"https:\/\/www.cru.org\/panama\/#\/schema\/logo\/image\/"}}]}},"jetpack_sharing_enabled":true,"meta_box":{"_cloudsearch_visibility":""},"_links":{"self":[{"href":"https:\/\/www.cru.org\/panama\/wp-json\/wp\/v2\/pages\/397","targetHints":{"allow":["GET"]}}],"collection":[{"href":"https:\/\/www.cru.org\/panama\/wp-json\/wp\/v2\/pages"}],"about":[{"href":"https:\/\/www.cru.org\/panama\/wp-json\/wp\/v2\/types\/page"}],"author":[{"embeddable":true,"href":"https:\/\/www.cru.org\/panama\/wp-json\/wp\/v2\/users\/84609"}],"replies":[{"embeddable":true,"href":"https:\/\/www.cru.org\/panama\/wp-json\/wp\/v2\/comments?post=397"}],"version-history":[{"count":69,"href":"https:\/\/www.cru.org\/panama\/wp-json\/wp\/v2\/pages\/397\/revisions"}],"predecessor-version":[{"id":4291,"href":"https:\/\/www.cru.org\/panama\/wp-json\/wp\/v2\/pages\/397\/revisions\/4291"}],"wp:attachment":[{"href":"https:\/\/www.cru.org\/panama\/wp-json\/wp\/v2\/media?parent=397"}],"curies":[{"name":"wp","href":"https:\/\/api.w.org\/{rel}","templated":true}]}}